 - -70)).
-70
Calculate -6 + 8 + (-19 - -25) - (-2 + 18 + -3).
-5
Evaluate -17 + ((-4 - -7) + -11 - (-293 - -286)).
-18
What is -1 + 137 - (17 + (2 - 26) + 11 + -15)?
147
Calculate 3 + -26 + (19 - -27).
23
Evaluate -65 + (55 + -95 - -83).
-22
What is the value of 48 + -17 + 118 + -112?
37
What is -36 - (-10 + 8 + 15 + -15)?
-34
20 + 6 + -12 + 33 + 4
51
Evaluate (1 - (-4 + 16 + 0)) + (-2509 - -2549).
29
Evaluate -7 + -55 + 54 + 12.
4
(-1 - (8 - -8)) + 18 + (0 - 2) + 64
63
Evaluate -53 + 44 - (6 + -36 + 2 + -4).
23
(5 - -1 - (-5 + 9)) + -7 - (-88 + 19)
64
-5 + 8 + 97 + (8 - (22 - 2 - 15))
103
What is the value of 10 - ((9 - 2 - 8 - -12) + -7)?
6
Calculate -29 - (-13 + 25 - 2) - (9 + -8).
-40
Evaluate (-15 + 6 - (2 - 9) - (-1 + -11)) + -36.
-26
Calculate (579 - 615) + -3 + -3 + 6.
-36
Calculate 8 + -7 + 20 + -34 + (0 - -56).
43
Evaluate 21 + (-13 - 5 - (67 + -11 - -13)).
-66
-79 + 29 + (20 + -49 - -15)
-64
What is -84 + (-18 - (-76 + 56))?
-82
Evaluate 9 + -36 - (-20 + 30 - -54).
-91
Evaluate (7 - 0) + (22 + -21 - (9 + -22 - -9)).
12
Evaluate -1 - -13 - ((42 - 22) + -24) - (-7 - -116).
-93
What is the value of 26 - (13 + -22 + 25 + -31)?
41
Calculate -22 + (-11 - -11) + 88 + 15.
81
Calculate 23 + (-2 + 33 + -21 - 1).
32
What is (-43690 - -43720) + (21 - (2 - 4))?
53
What is the value of -18 + 4 - (-15 + (21 - 0))?
-20
Calculate 0 + (49 - (-8 - -12)) + -6 - (-30 - -29).
40
(11 - (41 - 34)) + -49
-45
What is (-72 - -98) + 110 - (24 + 4)?
108
What is the value of 9 + ((12 - 16) + (52 - 18) + 1 - -7)?
47
What is (-1 - 20) + 13 + -1 - (-3 + -12 + -39)?
45
Evaluate (18 - 15 - (-3 + 0)) + (-19 - (22 - 31)).
-4
Calculate (2 - -1) + -1679 + 1684.
8
What is the value of -13 + (-2 - 0) + 8 - (-5 - 0 - 52)?
50
Evaluate 5 + -41 + (-248 - -381) + -14.
83
Evaluate (-1 - -31) + (3 - (14 + 26 + -25)).
18
Evaluate (-15 - 55) + (162 - 189).
-97
What is -3 - 21 - (40 + -40)?
-24
Calculate 25 - 10 - -19 - 25 - ((1 - 4) + -62).
74
What is 20 + (-11 + -16 - 15) + 42?
20
What is (-30 - -80) + 1 + -2 + -13 + 9?
45
What is -52 + (-23 - (-2 + (-4 - -4) + -12))?
-61
Calculate -7 + 0 + 0 - (155 + -151 + (-68 - -8)).
49
Evaluate -87 + 43 + -85 + 81.
-48
Calculate 842 + -875 - (-3 + -1 + -3).
-26
Evaluate 6 + (1 - -4) + -185 + 74 + 7 + -11.
-104
What is 64 - (-7 + -7 - (11 + -28 - 3))?
58
Evaluate -6 - 3 - (-4 - 10) - (1 + 14 + 2).
-12
-48 - (-38 - (9 - (28 - -4)))
-33
271 + (-655 - -359) - (-146 + 0 + 2)
119
What is the value of (30 + -2 + -24 - (11 + -2 + -1)) + -47?
-51
2 - ((13 - -16) + -7 - 33)
13
(-2 - (27 + -12 - ((8 - -2) + 3))) + 11
7
Evaluate -68 - (63 + -146 + 42).
-27
Calculate 29 + 2 + -16 - -4 - (-28 + -1).
48
Calculate -2 + -1 - (0 - 7) - (-78 - (-24 + -44)).
14
Evaluate 57 - (((5 - 4) + -22 - -13) + 3 + -5).
67
What is the value of -90 - -98 - ((82 - -1 - 9) + (5 - 0))?
-71
What is the value of -6548 + 6612 + (5 - 0) + -2 + 0?
67
Calculate -6 - (-19 + 6) - ((13 - 69) + 2 + 12).
49
What is (14 + 0 - 10) + 6 + (-9 - 43)?
-42
What is 10 + -58 + 24 + (-3 - 20)?
-47
What is (26 - -12) + 73 + -36?
75
Calculate 21 + (20 - 36 - (-3 - 7) - -4).
19
-6 + (1 + -15 - (-14 + 16))
-22
Evaluate 11 + -28 - (207 + -207 - (0 + 42)).
25
-84 + 28 + -6 + 45
-17
What is -66 - (-4 + -25 + 16 - (3 - 14))?
-64
(70 - (-60 + 104)) + (1 - (0 + 0))
27
-6 - (-8 - (-103 - -109 - (0 - -22)))
-14
Calculate -9 - (-21 + 16 + 27 + (-5 - (-2 - -7))).
-21
-10 + (-51 - (61 + -115)) + (-7 - 1)
-15
What is (149 - 168) + 18 + 36?
35
What is the value of -5 - -2 - (2 - -15) - (-64 - -11 - -58)?
-25
What is the value of 10 - (-7 + (-14 + 19 - -66 - 7))?
-47
Calculate -106 - (-53 + (-10 - -25)).
-68
What is the value of -3 - 11 - 0 - (-16 + (22 - -10))?
-30
What is (6403 - 6287) + (-26 - 1)?
89
What is 21 + (-36 - -48) - -8?
41
-817 + 865 + -3 + -12
33
7 - (-2 + (12 - (-1 - -22) - -20))
-2
Calculate 8 - -94 - 97 - (-28 - (-3 + 1)).
31
What is the value of (143 - 39 - 87) + -10 + 1?
8
Calculate 2 + (57 - -1) + -431 + 424.
53
(110 - (49 + 17)) + (1 - 10) - -10
45
What is the value of (2 - 4) + -35 - -1 - (0 - (-20 + 14))?
-42
What is the value of (40 - 2) + (-2 - (-14 + 2)) + -23?
25
Calculate (172 - (108 - 20)) + -76.
8
Evaluate (1 + -36 - -34 - (-2 + 9)) + 26.
18
What is 8 + (-46 - -35 - (-39 + 1))?
35
Evaluate -73 - (-100 - -47) - (-23 - -1).
2
What is the value of (248 + -314 - -98) + (24 - 1)?
55
What is -1 + 4 + (154 + -196 - (-36 - -4))?
-7
-4 + 103 + -10 - (675 + -655)
69
134 + -11 - ((11 - 0) + -6) - 23
95
0 + (-43 - (0 + (-12 - -11))) - -13
-29
(-1 - (11 - -2)) + 2 - (13 - 3 - -98)
-120
Calculate (51 - -83) + -116 - 88.
-70
What is the value of -21 - (36 - (6 + 8 + -15))?
-58
What is the value of (10 - -2) + -39 + 30 - (-19 + 5)?
17
What is the value of -5025 + 4990 - (-1 + -113)?
79
What is the value of 6 - ((26 - 15) + -25)?
20
12 + -58 + -5 + 11 + -21 + 10
-51
What is the value of -11 - (-52 + (22 - (24 - (4 - -10))))?
29
What is the value of 30 + -60 + -9 - (-2 - 10)?
-27
Evaluate -6 - (-25 - (-10 + 4 - (-18 - -5))).
26
-9 + 38 - (13 - (29 - 5) - 0)
40
Calculate -5 - ((-35 - -2) + 298 + -280 + (-16 - -2)).
24
Calculate -19 - -7 - -19 - 11 - 1.
-5
Evaluate -94 + 21 + 128 - (-19 - 2).
76
Evaluate (-10 - (-4 - -4) - (-35 - (-44 - 20))) + -14.
-53
(-25 - (34 + -82)) + -50
-27
Evaluate 1 - 10 - (20 + (-24 - -14)).
-19
Calculate 4 + -1 + 0 + 36 - (-4 - -5).
38
Evaluate -34 + (25 + -5 - 32) + -23.
-69
What is the value of -2 - (-8 - -21) - (-47 - 15)?
47
What is 204 + -256 + 0 + 110?
58
(35 - 31) + -32 + 71 - (-1 - -11)
33
What is the value of 34 - (-38 + 64 + -12)?
20
Evaluate 2 - -4 - -2 - (-225 - (-368 - -169)).
34
Evaluate 5 - 1 - (-125 - -151 - -7).
-29
0 + -5 - ((5 - 4) + -6) - -6 - -2
8
Evaluate 14 + 55 + (27 + -13 - 21).
62
What is (-8 - -17) + -10 + 12 + -26?
-15
Evaluate -94 - (-50 - 21) - (-3 + 16).
-36
Evaluate 22 - (18 - (-20 + 47 + 15)).
46
What is 9 - (-13 + -6) - 22 - -5?
11
(49 - 29) + (-83 - -25)
-38
Calculate -51 + (-50 - -203) + -94.
8
Calculate -5 + -686 + 693 + -27 + 1.
-24
What is (((-4 - -12) + -9 - -5) + 6 - 8) + -12?
-10
Calculate -1 + (5 - 4) + -5 + (428 - 509).
-86
Calculate 71 - (7 + (5 + -1 + -17 - -12) + -5).
70
Calculate (-2 - 5 - -22) + (-271 - -253).
-3
What is 1 + 9 - (0 - 46 - (-207 + 200))?
49
Evaluate -1 + -28 - ((12 - 0) + (8 - 19)).
-30
What is -15 + (1 + -13 - (55 + -2 + -57))?
-23
What is (-31 - 11) + (-8 - -139)?
89
Calculate -16 - (0 + (-7 - -39 - 144)).
96
What is (0 + (5 - -6 - 14) - (-77 - 14)) + 3?
91
Calculate (-45 - -83) + -71 - -8.
-25
Evaluate (-4 - -23) + 21 - 48.
-8
Calculate -1 - (3 - ((15 - 1) + 111)).
121
Evaluate -17 - (-38 - -169) - -149.
1
What is 3 + (-46 + (-14 - 30) - (-21 - 0))?
-66
What is -12 + (17 - (10 + -4 + -26 + 48))?
-23
Calculate 39 + 11 + (-46 - -51).
55
Evaluate 72 - (15 + 72) - (18 + 9).
-42
Calculate (-11 + -127 - -242) + -175.
-71
What is the value of 12 - 0 - (-695 - -700 - (-23 - 1))?
-17
Evaluate 35 - 3 - 68 - (1 + -30).
-7
16 + (72 - (10 + -6)) + (-13 - -10)
81
Evaluate 5 + 112 + -72 + 32.
77
What is the value of (15160 - 15130) + (-1 - 18)?
11
Evaluate -71 - (-63 - 72) - 22.
42
4 + -2 + -60 - (-2 + 37 - 28)
-65
What is the value of 10 - -13 - (-28 + 12 + -11)?
50
Calculate (-5 - (23 - 20)) + -2 + 0 + 3.
-7
Calculate 0 + (-9 - 34) - (83 - 72).
-54
(30 - (29 + (30 - 34))) + 35 + 2 + -4
38
What is 71 + -1 + (28 - (-3 - -32))?
69
Calculate 47 + -30 + 3 + (1 - -31).
52
What is -6 + 18 + -27 + 19 + 45?
49
Calculate -86 + 102 + 50 + -29.
37
What is the value of 26 + 36 + 3 - 22?
43
-9 - ((-2 - 10) + (20 - -12) + -26 - 0)
-3
What is the value of -28 - ((-83 - 55) + 82)?
28
Evaluate 9 - 4 - (68 - (3 - -35)).
-25
3880 - 3868 - (1 - (1 - 1 - -13))
24
What is (11 - 13) + (-5 - (13 - 10)) + (21 - 0)?
11
What is the value of 0 - (8 - 8) - 18 - (0 + -18)?
0
Calculate 11 - -77 - (630 - 511).
-31
What is -17 + -24 - (-7 + (-2 + -2 - -1) + 12)?
-43
What is -1 - (35 + -14 + -11 + 4 + -6)?
-9
What is (110 - 102) + (139 - 108 - (5 - 2))?
36
97 - (1630 + -1628 - (1 + (-1 - 15)))
80
What is the value of (-23 - (21 - 58 - 13)) + -36?
-9
What is 106 + (44 - (-10 + 64) - (1 + 3))?
92
Evaluate (2 - 14) + 64 - (6 - 16).
62
What is (-23 - -9 - -6) + -34 + 40?
-2
What is the value of 23 + 27 + (-36 - 15) + -36?
-37
-11 + (3 - (-3 + 4)) - (58 - 